at is the greatest common factor of 54 and 126?
18
Calculate the highest common factor of 3283 and 539.
49
What is the highest common divisor of 2982 and 42?
42
Calculate the greatest common factor of 7 and 91.
7
What is the greatest common factor of 159 and 9?
3
Calculate the highest common divisor of 5820 and 48.
12
Calculate the highest common divisor of 440 and 605.
55
Calculate the greatest common factor of 75 and 25.
25
Calculate the highest common factor of 58 and 551.
29
What is the greatest common factor of 19 and 13?
1
Calculate the highest common divisor of 54 and 621.
27
What is the highest common divisor of 8 and 4?
4
What is the greatest common divisor of 10 and 5?
5
What is the greatest common divisor of 165 and 1419?
33
Calculate the highest common factor of 3312 and 288.
144
Calculate the greatest common divisor of 25 and 325.
25
Calculate the greatest common factor of 598 and 52.
26
Calculate the highest common factor of 14 and 2.
2
What is the greatest common divisor of 10800 and 36?
36
Calculate the highest common divisor of 258 and 12.
6
Calculate the highest common factor of 4608 and 1296.
144
Calculate the highest common divisor of 1134 and 81.
81
Calculate the greatest common factor of 29 and 928.
29
What is the highest common factor of 222 and 27?
3
What is the greatest common divisor of 665 and 35?
35
Calculate the highest common factor of 20 and 18110.
10
What is the highest common divisor of 37196 and 34?
34
Calculate the highest common divisor of 35 and 2170.
35
What is the greatest common factor of 2076 and 24?
12
Calculate the highest common factor of 4914 and 8694.
378
Calculate the greatest common divisor of 6154 and 68.
34
What is the greatest common factor of 399 and 171?
57
What is the greatest common factor of 32 and 368?
16
Calculate the greatest common divisor of 170 and 70.
10
Calculate the greatest common factor of 12 and 396.
12
Calculate the highest common factor of 7 and 19243.
7
What is the greatest common divisor of 612 and 126?
18
Calculate the highest common factor of 511 and 7.
7
What is the greatest common divisor of 458 and 88394?
458
What is the greatest common factor of 5871 and 57?
57
Calculate the highest common factor of 109856 and 8.
8
What is the greatest common factor of 2823 and 12?
3
Calculate the highest common factor of 980 and 19355.
245
What is the highest common divisor of 35 and 2?
1
Calculate the highest common factor of 1366 and 2.
2
What is the highest common factor of 1430 and 13?
13
Calculate the highest common divisor of 4399 and 83.
83
Calculate the greatest common factor of 83 and 498.
83
Calculate the greatest common divisor of 32 and 12256.
32
What is the highest common divisor of 19519 and 149?
149
What is the greatest common factor of 125 and 15?
5
Calculate the greatest common divisor of 1152 and 8.
8
Calculate the highest common divisor of 684 and 54.
18
What is the highest common divisor of 6974 and 22?
22
What is the highest common factor of 4780 and 60?
20
Calculate the highest common factor of 646 and 152.
38
What is the highest common factor of 4 and 88?
4
What is the highest common factor of 1035 and 27?
9
What is the highest common factor of 2088 and 72?
72
Calculate the highest common factor of 28 and 100.
4
What is the greatest common divisor of 25 and 8575?
25
What is the greatest common divisor of 144 and 216?
72
Calculate the highest common factor of 464 and 58.
58
Calculate the greatest common factor of 168 and 476.
28
Calculate the greatest common divisor of 16 and 10.
2
Calculate the highest common divisor of 6582 and 30.
6
Calculate the highest common factor of 60 and 2670.
30
Calculate the highest common factor of 208 and 8368.
16
Calculate the greatest common factor of 12 and 12216.
12
What is the highest common divisor of 12696 and 216?
24
What is the highest common factor of 462 and 48?
6
Calculate the greatest common divisor of 24 and 756.
12
What is the highest common divisor of 363 and 132?
33
What is the greatest common divisor of 8505 and 18?
9
Calculate the highest common factor of 5015 and 255.
85
Calculate the greatest common factor of 4 and 518.
2
Calculate the greatest common divisor of 572 and 176.
44
Calculate the highest common factor of 4653 and 297.
99
Calculate the greatest common factor of 60 and 225.
15
What is the greatest common factor of 475 and 25?
25
Calculate the highest common divisor of 32 and 2896.
16
What is the greatest common divisor of 100 and 220?
20
What is the highest common divisor of 927 and 45?
9
What is the greatest common divisor of 7174 and 68?
34
Calculate the highest common factor of 39 and 208.
13
Calculate the greatest common divisor of 42 and 48.
6
What is the greatest common divisor of 15 and 60?
15
What is the highest common divisor of 116 and 1769?
29
What is the greatest common divisor of 80 and 2080?
80
Calculate the highest common factor of 322 and 138.
46
Calculate the highest common factor of 39 and 1209.
39
Calculate the highest common divisor of 696 and 36714.
174
Calculate the highest common divisor of 646 and 51.
17
Calculate the greatest common factor of 23 and 2.
1
Calculate the highest common divisor of 18 and 8.
2
Calculate the highest common divisor of 400 and 225.
25
Calculate the highest common divisor of 1232 and 44.
44
Calculate the highest common divisor of 378 and 14.
14
What is the highest common factor of 24 and 138?
6
What is the greatest common divisor of 210 and 84?
42
What is the greatest common factor of 46 and 20?
2
What is the greatest common divisor of 6462 and 36?
18
What is the highest common divisor of 49 and 77?
7
Calculate the greatest common divisor of 4866 and 6.
6
Calculate the highest common factor of 240 and 24.
24
Calculate the highest common divisor of 306 and 1170.
18
What is the greatest common factor of 4037 and 88?
11
What is the greatest common divisor of 2994 and 42?
6
What is the greatest common divisor of 14 and 1680?
14
Calculate the highest common divisor of 9434 and 356.
178
What is the highest common divisor of 152 and 80?
8
What is the greatest common divisor of 77 and 896?
7
What is the highest common divisor of 220 and 110?
110
Calculate the greatest common factor of 2284 and 12.
4
What is the greatest common factor of 260 and 15028?
52
Calculate the greatest common factor of 380 and 20.
20
What is the greatest common divisor of 190 and 95?
95
What is the highest common divisor of 520 and 208?
104
What is the greatest common factor of 100 and 350?
50
Calculate the greatest common factor of 69 and 299.
23
Calculate the highest common factor of 3612 and 36.
12
Calculate the highest common factor of 2418 and 558.
186
What is the highest common factor of 2331 and 259?
259
Calculate the greatest common divisor of 7860 and 480.
60
Calculate the highest common factor of 60 and 30.
30
What is the greatest common divisor of 50 and 4925?
25
Calculate the highest common factor of 159 and 15.
3
What is the highest common factor of 28 and 273?
7
Calculate the highest common factor of 1362 and 54.
6
Calculate the highest common factor of 98 and 21.
7
Calculate the greatest common factor of 762 and 254.
254
What is the highest common factor of 22 and 418?
22
What is the greatest common divisor of 810 and 980?
10
What is the highest common factor of 224 and 13376?
32
What is the highest common factor of 5184 and 8?
8
What is the greatest common factor of 152 and 133?
19
Calculate the greatest common divisor of 4605 and 60.
15
What is the greatest common factor of 16 and 136?
8
Calculate the highest common factor of 142 and 781.
71
What is the greatest common divisor of 44 and 4?
4
What is the highest common factor of 136 and 120?
8
Calculate the greatest common divisor of 1 and 11.
1
What is the highest common divisor of 81 and 9?
9
What is the highest common factor of 736 and 64?
32
What is the greatest common divisor of 2227 and 1241?
17
What is the highest common divisor of 13 and 2847?
13
Calculate the highest common divisor of 16 and 4976.
16
What is the greatest common factor of 15 and 165?
15
Calculate the highest common divisor of 280 and 1890.
70
Calculate the highest common divisor of 7970 and 10.
10
What is the highest common factor of 128 a